z(-2) a composite number?
True
Let n(l) = l**3 + 38*l**2 - 4*l + 114. Is n(-37) a composite number?
True
Let q(l) = -l**2 + 5*l. Let w be q(2). Suppose w = n + 2. Suppose -n*u + 538 + 2454 = -4*x, -3*u + x + 2238 = 0. Is u prime?
False
Let u(a) = 893*a - 231. Let l(o) = -446*o + 114. Let v(w) = -5*l(w) - 3*u(w). Is v(-8) a composite number?
True
Let y(z) be the second derivative of -7*z**3/3 - 31*z**2/2 + 11*z. Let d be (-8)/6 - (-5 - 516/(-18)). Is y(d) a composite number?
True
Let w(r) = -r**3 - 10*r**2 - 12*r - 22. Let x be w(-9). Let m = x - 3. Is 172*4 + (-2)/(m/(-1)) composite?
True
Let i = -101554 - -254339. Is i a composite number?
True
Is 10455 - ((-4)/(-2) + 3 + -6 + 3) prime?
True
Suppose 0 = 2*g + 3*g - 170. Suppose 3*i = -6, -5*t = 5*i + g + 6. Let f(n) = -31*n - 1. Is f(t) prime?
False
Let c(n) = 53*n + 40. Let j be c(-16). Let i = j - -448. Let g = 295 - i. Is g composite?
True
Let f be 4118/5 + 34/85. Suppose 467 + f = s. Let x = -872 + s. Is x prime?
True
Let o(r) = -34*r**2 - 52*r - 30. Let d be o(-23). Let w be 6/(-4)*(-1 - d/(-12)). Suppose -9*z = -z - w. Is z a composite number?
False
Let q = -170005 - -707936. Is q a prime number?
False
Suppose 5*v + 4*l = 231912, 3*l - 22300 = -2*v + 70462. Suppose -v = 65*q - 81*q. Is q a prime number?
False
Suppose 2244 = 233*b - 229*b. Let c be ((-1 - -1) + 395)*1. Let q = b - c. Is q a prime number?
False
Suppose -133*m + 149740 = -617237 - 798300. Is m a prime number?
False
Let p(i) = -3 + 1 - i + 7 + 2*i. Let m be p(0). Suppose 489 - 134 = m*g. Is g a composite number?
False
Let s(x) = -86*x - 35. Let q be s(7). Let h = q - -1175. Is h a prime number?
False
Let v = -14013 + 58844. Is v a prime number?
False
Let u(i) = 17444*i + 8419. Is u(41) composite?
False
Suppose 2*s = 2*q + 38, 6*s - 3*s - 22 = -4*q. Suppose 7*o + 10801 = s*o. Is o composite?
False
Let v be (-19 + 6)*-2*38/4. Let k = v + -370. Let p = k - -1634. Is p prime?
True
Let b(d) = -2*d**3 - d**2 - 3*d - 4. Let l be b(-2). Suppose -l*u + 18*u = 8. Suppose -2*o = 2*n - 2494, 5*o - 752 - 5455 = u*n. Is o prime?
False
Suppose -2*x + 6*x + 1124669 = 95*x. Is x a composite number?
True
Let k = -246907 + 40211. Is k/(-40) - (-4)/30*-3 prime?
True
Let l be (-1*412/(-8))/((-2)/(-4)). Let m = l - 61. Suppose -47*i + 7805 = -m*i. Is i prime?
False
Suppose -103*w - 111*w + 205*w = -2021769. Is w a prime number?
False
Let f(i) = -9*i**3 + 3*i**2. Let k be f(1). Is 8*-4281*k/72 composite?
True
Let r(f) be the third derivative of 41*f**5/60 + f**4/4 - 7*f**3/3 + 32*f**2. Is r(5) composite?
True
Let f be ((-12)/(-3))/(2 + -1). Suppose -f*h = -12, -3 + 21 = -2*r + 4*h. Is (r - -2)/(4/(-4196)) a prime number?
True
Suppose 12*n - 2257123 = 10*n + 5*w, -1128557 = -n + 4*w. Is n composite?
True
Suppose -2 - 14 = -4*h. Suppose -3*x + 3*b + 9954 = 0, -h*x - 472 = -5*b - 13748. Is x a composite number?
True
Suppose -6*z + z + 1474123 = 2*z. Is z a composite number?
True
Suppose -8786 = 10*y - 124576. Is y composite?
False
Let a(l) = l**3 + 6*l**2 - 7*l + 3. Let d be a(-7). Suppose 0 = d*x - 894 + 264. Let z = 1447 + x. Is z a prime number?
True
Let w = -13303 + 29702. Suppose 3*k + 4*r = w, -3*k = -7*r + 2*r - 16363. Is k prime?
False
Suppose -8 = 6*l + 4. Let c be (9/18)/(l/96). Is 16/c + 15418/6 composite?
True
Suppose -61495 = 20*j + 63625. Is ((-2)/2)/(16/j) composite?
True
Let s(l) = 25 - 12*l**2 - 26*l + 22*l + 62*l**2. Is s(5) prime?
False
Let m = -31 + 45. Let c(t) = m + 2*t + 2*t + 15*t - 7. Is c(4) a composite number?
False
Let u(q) = -q**2 + 7*q - 4. Let j be u(4). Is (1 - (j - 6))/((-1)/379) a composite number?
False
Let u be (-6)/9 - 1/3 - -1. Suppose u = 27*j - 40535 + 6866. Is j composite?
True
Let c(a) = 60 + 21 - 114 - 17*a. Let q be c(-26). Is q + 0 + (-2 - (1 + -3)) composite?
False
Let o(q) = q**3 - 20*q**2 - 7*q - 12. Let t(y) = -y**3 + 10*y**2 + 3*y + 7. Let j(g) = 2*o(g) + 5*t(g). Is j(-5) prime?
True
Suppose -365 - 580 = 5*a. Let u be (-4784)/(-18) - 6/(-27). Let l = a + u. Is l a prime number?
False
Let k(a) = 429*a**2 - 47*a - 23. Is k(24) prime?
False
Is 4/(-30) - 3275323502/(-14190) a composite number?
False
Let t = 2780 - -827. Is t a prime number?
True
Suppose -94*o = -335*o + 495744953. Is o prime?
False
Suppose d - 1 = 5*s - 12, -4*s + 3*d + 11 = 0. Is s*54136/16 + -6 a prime number?
True
Let p = 103 - 80. Suppose -102853 = -p*d - 33048. Is d prime?
False
Let l(b) = -b**2 + 5*b + 66. Let g be l(-6). Suppose g = -5*a - 20, -2*z - 20854 = -4*z + 3*a. Is z a composite number?
True
Let j be (-9)/9 - 12/(-2). Let l(g) = -14*g**3 + 6*g**2 - 3. Let a be l(-7). Suppose 0 = j*m - 292 - a. Is m prime?
False
Let h be (-4)/5*-4 + (-1)/5. Let z(o) = 47*o**3 - 3*o**2 + 2*o + 6. Let s be z(h). Suppose -8*c + s = -4754. Is c prime?
True
Let q(c) = -c**3 + 11*c**2 + 24*c + 32. Let l be q(13). Let o = 402 + -171. Is (-4)/l + o/(-9)*-7 a composite number?
False
Let t = -599 + 599. Suppose 3*w - 91*o - 23833 = -87*o, -w - 2*o + 7931 = t. Is w a composite number?
True
Suppose 50*v - 55*v = -10. Suppose 0 = v*g - 5*r - 3689, 2*g + 0*g + 2*r = 3696. Is g prime?
True
Let a(j) = -j**3 + 67*j**2 - 43*j - 58. Is a(23) a prime number?
True
Let f be 6/(-8) - (-312)/32. Let m = -5 + 9. Suppose -m*y - 2425 = -f*y. Is y a prime number?
False
Let q = 72799 + 57525. Suppose 2*l - 2*h = -5*h + q, 2*h = 2*l - 130334. Is l a prime number?
False
Let t = 18370 + -10777. Suppose t - 1510 = 7*o. Is o a prime number?
False
Let y = 63858 - -11865. Let u = y + -45146. Is u a prime number?
True
Let j(t) = -535*t + 35. Let f be j(-12). Suppose -4*h = -5*m + 5563, 2*h = -5*m + f - 904. Is m prime?
False
Let m be (-6*(-4)/(-16))/(6/2824). Let c = 5263 - m. Is c a composite number?
True
Is (-573864)/(-8) + 15/((-60)/8) prime?
False
Suppose 0 = v - 0*v - 812. Let s be (-70)/(-42) - (-31)/3. Suppose -i + 5*i = s, v = o + 5*i. Is o a prime number?
True
Suppose 0 = -5*h + 5 + 15. Suppose h*m + 15 = 7*m. Suppose 3*i + m*z - 223 - 375 = 0, 975 = 5*i + 4*z. Is i a composite number?
False
Let c = 13 + -13. Suppose g - 451 = -n, -5*g + 10 + 10 = c. Is (n/(-12))/(1/(-4)) a prime number?
True
Let f(r) = -6*r**3 - 3*r**2 - 7*r - 1. Suppose -2*p = n - 3, n - 1 = -p + 1. Let d be p/(2/9*(-6)/4). Is f(d) a composite number?
True
Let d(i) = 453*i - 16. Let q be d(-8). Let w = q - -7427. Is w prime?
False
Let c be -7 - -9 - (-3)/1. Suppose 3*t + 3*i = c*t + 4, i + 8 = 3*t. Suppose -443 = -t*u + 625. Is u composite?
True
Let v be 46*(-1 + 2/4). Let q = v - -39. Suppose -19*y = -q*y - 1599. Is y composite?
True
Let m be 2/11 + 530/110. Suppose 0*g = -m*g + 3*z + 13269, 10618 = 4*g - z. Is (-3)/(-12) - (2 + g/(-20)) composite?
False
Suppose 5*g = 5*i - 170870, 4*i + g + 2096 = 138767. Is i prime?
False
Let t = 45 - 43. Let u be (t/7)/((-1)/(-7)). Suppose -u*b - 508 = -6*b. Is b a prime number?
True
Let w(b) be the second derivative of 101*b**4/12 + 11*b**3/6 + 19*b**2/2 + 74*b. Is w(-6) a prime number?
False
Suppose -91*g - 5086368 = -123*g. Suppose 12*c + 56145 = g. Is c prime?
False
Suppose -99*d - 5*s = -103*d + 205992, 0 = -2*s + 8. Is d a prime number?
True
Let g = 2359 - 635. Suppose -1759 = -d + 4*m - 8*m, 0 = -d + 3*m + g. Is d a prime number?
False
Suppose -18*a + 4*g - 3140027 = -21*a, 0 = -a - 3*g + 1046684. Is a prime?
False
Suppose -17*w + 22*w = 4*o - 6816, -2*w = 0. Suppose 3*x + 3*y = o, x - 4*y - 495 - 48 = 0. Is x composite?
False
Let g be 1*(-120 - 1)*-1. Let t = 265 - g. Suppose -2*x + t = 38. Is x prime?
True
Suppose 390219 = 6*p - 547695. Is p prime?
True
Suppose -166*p + 158*p + 24112 = 0. Suppose -16873 = -7*m + p. Is m composite?
True
Let w(g) = -29*g**3 - 4*g**2 + 4*g - 1. Let r be w(1). Let t = 73 + r. Is t prime?
True
Let v be 16/40 - 16/(-10). Let k(m) = 37*m**v + 24*m**2 - 6*m - 3*m**2 - 15 + 48*m**2. Is k(4) prime?
True
Suppose 27*l + 246685515 = 336*l. Is l composite?
True
Let j be (-2 - 12)/(-2) + 88/(-22). Let q(w) = 1721*w**2 - 3*w + 7. Is q(j) a composite number?
True
Suppose -50 = -2*n - 56. Is (12213/n)/(-3) + 4 prime?
True
Suppose 2*r + 18 = 0, -f - 42*r + 31586 = -39*r. Is f composite?
True
Let g = 3721 - -17526. Is g a composite number?
False
Let w = -2614 - -14193. Suppose -29685 = -16*u + w. Is u prime?
True
Suppose 0 = 4*r - 3*i 